{"id":509,"date":"2022-06-06T16:21:32","date_gmt":"2022-06-06T16:21:32","guid":{"rendered":"https:\/\/www.volleyball-ostsee-schmuck.de\/?page_id=509"},"modified":"2025-05-03T21:02:39","modified_gmt":"2025-05-03T21:02:39","slug":"blog","status":"publish","type":"page","link":"https:\/\/www.volleyball-ostsee-schmuck.de\/?page_id=509","title":{"rendered":"Bonsai-Beach-Cup 2022"},"content":{"rendered":"\t\t<div data-elementor-type=\"wp-page\" data-elementor-id=\"509\" class=\"elementor elementor-509\">\n\t\t\t\t\t\t<section class=\"elementor-section elementor-top-section elementor-element elementor-element-2c5b0bd elementor-section-boxed elementor-section-height-default elementor-section-height-default\" data-id=\"2c5b0bd\" data-element_type=\"section\">\n\t\t\t\t\t\t<div class=\"elementor-container elementor-column-gap-default\">\n\t\t\t\t\t<div class=\"elementor-column elementor-col-100 elementor-top-column elementor-element elementor-element-d053569\" data-id=\"d053569\" data-element_type=\"column\">\n\t\t\t<div class=\"elementor-widget-wrap elementor-element-populated\">\n\t\t\t\t\t\t<div class=\"elementor-element elementor-element-687de76 elementor-widget elementor-widget-heading\" data-id=\"687de76\" data-element_type=\"widget\" data-widget_type=\"heading.default\">\n\t\t\t\t<div class=\"elementor-widget-container\">\n\t\t\t\t\t<h4 class=\"elementor-heading-title elementor-size-default\">Seit 2012 ist der SV Blau-Wei\u00df Ostseeschmuck Ausrichter des Ranglistenturniers Dierhagen, das jedes Jahr Anfang Juni als Teil der Offenen Landesmeisterschaft im Beachvolleyball ausgetragen wird.<\/h4>\t\t\t\t<\/div>\n\t\t\t\t<\/div>\n\t\t\t\t\t<\/div>\n\t\t<\/div>\n\t\t\t\t\t<\/div>\n\t\t<\/section>\n\t\t\t\t<section class=\"elementor-section elementor-top-section elementor-element elementor-element-dd0ab92 elementor-section-boxed elementor-section-height-default elementor-section-height-default\" data-id=\"dd0ab92\" data-element_type=\"section\">\n\t\t\t\t\t\t<div class=\"elementor-container elementor-column-gap-default\">\n\t\t\t\t\t<div class=\"elementor-column elementor-col-100 elementor-top-column elementor-element elementor-element-21ffc66\" data-id=\"21ffc66\" data-element_type=\"column\">\n\t\t\t<div class=\"elementor-widget-wrap elementor-element-populated\">\n\t\t\t\t\t\t<div class=\"elementor-element elementor-element-90b4f1e elementor-widget elementor-widget-text-editor\" data-id=\"90b4f1e\" data-element_type=\"widget\" data-widget_type=\"text-editor.default\">\n\t\t\t\t<div class=\"elementor-widget-container\">\n\t\t\t\t\t\t\t\t\t<p>\n<!-- NOTE: If you need to make changes to this file, copy it to your current theme's main\n\tdirectory so your changes won't be overwritten when the plugin is upgraded. -->\n\n<!-- Post Wrap Start-->\n<div class=\"post hentry ivycat-post\">\n\n\t<!-- \tThis outputs the post TITLE -->\n\t<h2 class=\"entry-title\"><a href=\"https:\/\/www.volleyball-ostsee-schmuck.de\/?p=2274\">Beach Camp 2025<\/a><\/h2>\n\n\t<!-- \tThis outputs the post EXCERPT.  To display full content including images and html,\n\t\treplace the_excerpt(); with the_content();  below. -->\n\t<div class=\"entry-summary\">\n\t\t<p>Wir haben in der ersten Ferienwoche unser 4. Beach Camp mit der BWOS Jugend am Strand in Dierhagen durchgef\u00fchrt und bedanken uns bei allen Unterst\u00fctzern, Sponsoren, Eltern, Betreuern und Teilnehmern des Camps. Es hat uns wieder einen riesen Spa\u00df gemacht zu sehen, wie sich die Kids Tag f\u00fcr Tag weiterentwickeln. Hier sind nun Einblicke in die 6 Tage Volleyball Camp. F\u00fcr mehr Infos und Videos schaut doch mal auf unserem Instagram vorbei. Im Highlight Beach Camp seht ihr weitere Einblicke des Camps. Instagram \u00ab \u2039 von 30 \u203a \u00bb<\/p>\n\t<\/div>\n\n\t<!--\tThis outputs the post META information -->\n\t<div class=\"entry-utility\">\n\t\t\t\t\t<span class=\"cat-links\">\n\t\t\t\t<span class=\"entry-utility-prep entry-utility-prep-cat-links\">Posted in<\/span> <a href=\"https:\/\/www.volleyball-ostsee-schmuck.de\/?cat=3\" rel=\"category\">Beach<\/a>\t\t\t<\/span>\n\t\t\t<span class=\"meta-sep\">|<\/span>\n\t\t\t\t\t\t<span class=\"comments-link\">\n\t\t\t<span>Kommentare deaktiviert<span class=\"screen-reader-text\"> f\u00fcr Beach Camp 2025<\/span><\/span>\t\t<\/span>\n\t\t\t<\/div>\n<\/div>\n<!-- \/\/ Post Wrap End -->\n\n<!-- NOTE: If you need to make changes to this file, copy it to your current theme's main\n\tdirectory so your changes won't be overwritten when the plugin is upgraded. -->\n\n<!-- Post Wrap Start-->\n<div class=\"post hentry ivycat-post\">\n\n\t<!-- \tThis outputs the post TITLE -->\n\t<h2 class=\"entry-title\"><a href=\"https:\/\/www.volleyball-ostsee-schmuck.de\/?p=1510\">Bonsai-Beach-Cup 2025<\/a><\/h2>\n\n\t<!-- \tThis outputs the post EXCERPT.  To display full content including images and html,\n\t\treplace the_excerpt(); with the_content();  below. -->\n\t<div class=\"entry-summary\">\n\t\t<p>DANKESCH\u00d6N Es war uns wieder ein Fest. Der Bonsai-Beach-Cup 2025 fand am 14.-15.Juni wie gewohnt in Dierhagen statt.\u00a0 Wir bedanken uns bei allen Sponsoren und Helfern f\u00fcr die unfassbare Unterst\u00fctzung.\u00a0 Alle Spieler:innen haben bei bestem Wetter wieder alles gegeben und wir freuen uns schon auf das n\u00e4chste Jahr.\u00a0 Wenn ihr die Bilder auf Instagram oder Facebook postet, verlinkt uns gern.\u00a0@sv_blau_weiss_ostsee_schmuck Euer SV Blau-Wei\u00df Ostsee-Schmuck<\/p>\n\t<\/div>\n\n\t<!--\tThis outputs the post META information -->\n\t<div class=\"entry-utility\">\n\t\t\t\t\t<span class=\"cat-links\">\n\t\t\t\t<span class=\"entry-utility-prep entry-utility-prep-cat-links\">Posted in<\/span> <a href=\"https:\/\/www.volleyball-ostsee-schmuck.de\/?cat=3\" rel=\"category\">Beach<\/a>\t\t\t<\/span>\n\t\t\t<span class=\"meta-sep\">|<\/span>\n\t\t\t\t\t\t<span class=\"comments-link\">\n\t\t\t<span>Kommentare deaktiviert<span class=\"screen-reader-text\"> f\u00fcr Bonsai-Beach-Cup 2025<\/span><\/span>\t\t<\/span>\n\t\t\t<\/div>\n<\/div>\n<!-- \/\/ Post Wrap End -->\n\n<!-- NOTE: If you need to make changes to this file, copy it to your current theme's main\n\tdirectory so your changes won't be overwritten when the plugin is upgraded. -->\n\n<!-- Post Wrap Start-->\n<div class=\"post hentry ivycat-post\">\n\n\t<!-- \tThis outputs the post TITLE -->\n\t<h2 class=\"entry-title\"><a href=\"https:\/\/www.volleyball-ostsee-schmuck.de\/?p=1424\">Bonsai-Beach-Cup Dierhagen 08.\/09.06.2024<\/a><\/h2>\n\n\t<!-- \tThis outputs the post EXCERPT.  To display full content including images and html,\n\t\treplace the_excerpt(); with the_content();  below. -->\n\t<div class=\"entry-summary\">\n\t\t<p>Bonsai Beach Cup 2024 Trotz widriger Bedingungen haben alle Teilnehmer den Bonsai Beach Cupin Dierhagen am 8-9.06.2024 hinter sich gebracht. Hier seht ihr nun die Schnappsch\u00fcsse. \u00ab \u2039 von 11 \u203a \u00bb<\/p>\n\t<\/div>\n\n\t<!--\tThis outputs the post META information -->\n\t<div class=\"entry-utility\">\n\t\t\t\t\t<span class=\"cat-links\">\n\t\t\t\t<span class=\"entry-utility-prep entry-utility-prep-cat-links\">Posted in<\/span> <a href=\"https:\/\/www.volleyball-ostsee-schmuck.de\/?cat=3\" rel=\"category\">Beach<\/a>\t\t\t<\/span>\n\t\t\t<span class=\"meta-sep\">|<\/span>\n\t\t\t\t\t\t<span class=\"comments-link\">\n\t\t\t<span>Kommentare deaktiviert<span class=\"screen-reader-text\"> f\u00fcr Bonsai-Beach-Cup Dierhagen 08.\/09.06.2024<\/span><\/span>\t\t<\/span>\n\t\t\t<\/div>\n<\/div>\n<!-- \/\/ Post Wrap End -->\n\n<!-- NOTE: If you need to make changes to this file, copy it to your current theme's main\n\tdirectory so your changes won't be overwritten when the plugin is upgraded. -->\n\n<!-- Post Wrap Start-->\n<div class=\"post hentry ivycat-post\">\n\n\t<!-- \tThis outputs the post TITLE -->\n\t<h2 class=\"entry-title\"><a href=\"https:\/\/www.volleyball-ostsee-schmuck.de\/?p=83\">Bonsai Beach Cup 09.\/10.06.2018<\/a><\/h2>\n\n\t<!-- \tThis outputs the post EXCERPT.  To display full content including images and html,\n\t\treplace the_excerpt(); with the_content();  below. -->\n\t<div class=\"entry-summary\">\n\t\t<p>\u201eMan nehme drei Essl\u00f6ffel Zufriedenheit, eine Prise Gl\u00fcck und eine Hand voll Liebe\u201c &#8211; Nein, das ist kein Kalenderspruch aus dem Pirelli-Kalender, das ist einfach nur irgendein Kalenderspruch. Wahrscheinlich von einer beliebig bunten AWO-Postkarte, mit Wolken und Sonne drauf. Kann ich nich` ab, solche Lebensrezepte! Deswegen folgendes: Wir backen uns jetzt unser eigenes Turnierchen. Oder braten&#8230; oder kochen&#8230; oder aaaah: destillieren!!! &#8211; das w\u00e4re bei uns wohl die richtige Wortwahl&#8230; So, wir destillieren uns jetzt das Ranglistenturnier Dierhagen 2018 zusammen. Die ostseeschmuggler Winzer sorgten f\u00fcr die n\u00f6tigen Zutaten. In m\u00fchevoller Pfl\u00fcckerei vermengten sie als Grundessenz gutes Wetter, ein traumhaftes Gel\u00e4uf, fl\u00fcssige Erquickungsgetr\u00e4nke und Dixie-Toiletten. Die letztgenannten Essenzen sollten nicht miteinander verwechselt werden, oder wenn doch: verwendet einen langen Strohhalm! Bevor man diese Grundzutaten in den gro\u00dfen Beach-Bottich tuen tut, muss daf\u00fcr gesorgt werden, dass jegliches Touristen-Geschmei\u00df die Lese nicht verdirbt. Beim Trauben-Treten am Freitagabend fiel uns jedoch auf, dass Irmgard&hellip;<\/p>\n<p> <a class=\"more-link\" href=\"https:\/\/www.volleyball-ostsee-schmuck.de\/?p=83\">Weiterlesen<\/a><\/p>\n\t<\/div>\n\n\t<!--\tThis outputs the post META information -->\n\t<div class=\"entry-utility\">\n\t\t\t\t\t<span class=\"cat-links\">\n\t\t\t\t<span class=\"entry-utility-prep entry-utility-prep-cat-links\">Posted in<\/span> <a href=\"https:\/\/www.volleyball-ostsee-schmuck.de\/?cat=3\" rel=\"category\">Beach<\/a>\t\t\t<\/span>\n\t\t\t<span class=\"meta-sep\">|<\/span>\n\t\t\t\t\t\t<span class=\"comments-link\">\n\t\t\t<span>Kommentare deaktiviert<span class=\"screen-reader-text\"> f\u00fcr Bonsai Beach Cup 09.\/10.06.2018<\/span><\/span>\t\t<\/span>\n\t\t\t<\/div>\n<\/div>\n<!-- \/\/ Post Wrap End -->\n\n<!-- NOTE: If you need to make changes to this file, copy it to your current theme's main\n\tdirectory so your changes won't be overwritten when the plugin is upgraded. -->\n\n<!-- Post Wrap Start-->\n<div class=\"post hentry ivycat-post\">\n\n\t<!-- \tThis outputs the post TITLE -->\n\t<h2 class=\"entry-title\"><a href=\"https:\/\/www.volleyball-ostsee-schmuck.de\/?p=80\">Bonsai Beach Cup 10.\/11.06.2017<\/a><\/h2>\n\n\t<!-- \tThis outputs the post EXCERPT.  To display full content including images and html,\n\t\treplace the_excerpt(); with the_content();  below. -->\n\t<div class=\"entry-summary\">\n\t\t<p>Man nehme Ball, Sonne, Netz und Strand; Hinzu Ostsee, Gurke, Zelt und Sand; Nicht fehlen d\u00fcrfen Ananas und Tomaten; Sowie auch Grill, Bierfass und n Spaten. &#8230; das Versma\u00df ist jetzt nicht so prall, deswegen nun genug mit dem &#8222;lyrischen&#8220; Rumgeeier (ausgeschrieben sieht dieses Wort lustig aus &#8211; nehmt mal ein E weg, dann wisst ihr, welche Tiergattung sich Wochenende massenhaft am Dierh\u00e4ger Strand versammelt hat). Zun\u00e4chst einmal zur Einordnung dieser Textgattung. Von einem Spielbericht im herk\u00f6mmlichen Sinne kann hier nur sehr bedingt die Rede sein. Aber ihr kennt das ja (Siehe: &#8222;Spielbericht&#8220; Dierhagen 2016). Vielmehr m\u00f6chten wir den wissenschaftlichen Anspruch unserer T\u00e4tigkeit hervorheben, somit handelt es sich hierbei um eine Studie. Wir haben uns n\u00e4mlich, und das wissen die Wenigsten, noch einer ganz anderen Passion verschrieben. Beachvolleyballturniere ausrichten ist schlichtweg ein Vorwand, um unsere wahre Leidenschaft zu tarnen. Wir l\u00fcften nun den Schleier eurer Unwissenheit. Das &#8222;SV&#8220; in &#8222;SV&hellip;<\/p>\n<p> <a class=\"more-link\" href=\"https:\/\/www.volleyball-ostsee-schmuck.de\/?p=80\">Weiterlesen<\/a><\/p>\n\t<\/div>\n\n\t<!--\tThis outputs the post META information -->\n\t<div class=\"entry-utility\">\n\t\t\t\t\t<span class=\"cat-links\">\n\t\t\t\t<span class=\"entry-utility-prep entry-utility-prep-cat-links\">Posted in<\/span> <a href=\"https:\/\/www.volleyball-ostsee-schmuck.de\/?cat=3\" rel=\"category\">Beach<\/a>\t\t\t<\/span>\n\t\t\t<span class=\"meta-sep\">|<\/span>\n\t\t\t\t\t\t<span class=\"comments-link\">\n\t\t\t<span>Kommentare deaktiviert<span class=\"screen-reader-text\"> f\u00fcr Bonsai Beach Cup 10.\/11.06.2017<\/span><\/span>\t\t<\/span>\n\t\t\t<\/div>\n<\/div>\n<!-- \/\/ Post Wrap End -->\n\n<!-- NOTE: If you need to make changes to this file, copy it to your current theme's main\n\tdirectory so your changes won't be overwritten when the plugin is upgraded. -->\n\n<!-- Post Wrap Start-->\n<div class=\"post hentry ivycat-post\">\n\n\t<!-- \tThis outputs the post TITLE -->\n\t<h2 class=\"entry-title\"><a href=\"https:\/\/www.volleyball-ostsee-schmuck.de\/?p=28\">5. DAK Gesundheit-Cup Dierhagen 11.\/12.06.2016<\/a><\/h2>\n\n\t<!-- \tThis outputs the post EXCERPT.  To display full content including images and html,\n\t\treplace the_excerpt(); with the_content();  below. -->\n\t<div class=\"entry-summary\">\n\t\t<p>Und ich soll jetzt hier einen Spielbericht schreiben??? Nach so einem Wochenende sprudelt einem die intrinsische Motivation nicht gerade aus allen K\u00f6rper\u00f6ffnungen. Und die Pawlowsche Konditionierung \u00fcber den Bierwagen zieht jetzt auch nicht mehr&#8230; Aber wie mein Opa immer schon zu sagen pflegte: &#8222;Es muss ja gemacht werden!&#8220; Nach wochenlanger gebetsm\u00fchlenartiger Auslegung der Regelkunde (erkl\u00e4ren, was denn nun ein gr\u00fcnes, ein gelbes und ein rotes Dreieck in der Meldeliste bedeutet&#8230; ja, ja, der ber\u00fchmte zaunende Winkpfahl&#8230;), konnten wir uns am Freitag endlich der ganzen Durchf\u00fchrungsbestimmungstheorie (steht nicht im Duden) endlich entledigen und die Beachgesetzte MV`s vorschriftsm\u00e4\u00dfig in die Tat umsetzen. Ok. Ich mach. Dierhagen. Zwo16. Beachvolleyball mit Beachvolleyb\u00e4llen. Da war ja was&#8230; Im Grunde hat uns dieses Jahr gelehrt, dass es Dinge zwischen Neuhaus und Wustrow gibt, die man nicht beeinflussen kann. Wir als Verein haben auch 2016 viel Geld in die Hand genommen, um eine Strandreinigung (Steine) an unserem&hellip;<\/p>\n<p> <a class=\"more-link\" href=\"https:\/\/www.volleyball-ostsee-schmuck.de\/?p=28\">Weiterlesen<\/a><\/p>\n\t<\/div>\n\n\t<!--\tThis outputs the post META information -->\n\t<div class=\"entry-utility\">\n\t\t\t\t\t<span class=\"cat-links\">\n\t\t\t\t<span class=\"entry-utility-prep entry-utility-prep-cat-links\">Posted in<\/span> <a href=\"https:\/\/www.volleyball-ostsee-schmuck.de\/?cat=3\" rel=\"category\">Beach<\/a>\t\t\t<\/span>\n\t\t\t<span class=\"meta-sep\">|<\/span>\n\t\t\t\t\t\t<span class=\"comments-link\">\n\t\t\t<span>Kommentare deaktiviert<span class=\"screen-reader-text\"> f\u00fcr 5. DAK Gesundheit-Cup Dierhagen 11.\/12.06.2016<\/span><\/span>\t\t<\/span>\n\t\t\t<\/div>\n<\/div>\n<!-- \/\/ Post Wrap End -->\n\n<!-- NOTE: If you need to make changes to this file, copy it to your current theme's main\n\tdirectory so your changes won't be overwritten when the plugin is upgraded. -->\n\n<!-- Post Wrap Start-->\n<div class=\"post hentry ivycat-post\">\n\n\t<!-- \tThis outputs the post TITLE -->\n\t<h2 class=\"entry-title\"><a href=\"https:\/\/www.volleyball-ostsee-schmuck.de\/?p=60\">4. DAK Gesundheit-Cup Dierhagen 13.\/14.06.2015<\/a><\/h2>\n\n\t<!-- \tThis outputs the post EXCERPT.  To display full content including images and html,\n\t\treplace the_excerpt(); with the_content();  below. -->\n\t<div class=\"entry-summary\">\n\t\t<p>Einen Turnierbericht zu schreiben ist die eine Sache, ihn zu lesen die andere. Damit will ich euch was sagen, euch, die ihr gerade mit einem guten Glas Rotwein vor dem Rechner sitzt. Ein Turnierbericht ist immer h\u00f6chst subjektiv. Da wir uns professionelle Subjektivit\u00e4t auf unsere Fahnen geschrieben haben, m\u00fcsst ihr nicht alles glauben, was hier geschrieben steht, es ist lediglich unsere Ansicht vom Wochenende. Dementsprechend erinnere ich an den ber\u00fchmten Ausspruch des weltbekannten Konsum-Theologen Pierre Littbarski: &#8222;Habt den Mut, euch eures eigenen Verstandes zu bedienen!&#8220;. Eure ganz eigene Sicht auf das Wochenende k\u00f6nnt ihr uns auf altbekanntem Wege mitteilen. Wir freuen uns vor allem \u00fcber Verbesserungsvorschl\u00e4ge. So, ich fang dann mal an: Was ein geiles Turnier (subjektiv, da geht`s schon los). F\u00fcr den Aufbau am Freitag h\u00e4tte sich selbst die nobelpreisverd\u00e4chtige Rosamunde Pilcher kein besseres Wetter ausdenken k\u00f6nnen. Man stelle sich sch\u00f6nes Wetter vor &#8211; exakt so war das. Der&hellip;<\/p>\n<p> <a class=\"more-link\" href=\"https:\/\/www.volleyball-ostsee-schmuck.de\/?p=60\">Weiterlesen<\/a><\/p>\n\t<\/div>\n\n\t<!--\tThis outputs the post META information -->\n\t<div class=\"entry-utility\">\n\t\t\t\t\t<span class=\"cat-links\">\n\t\t\t\t<span class=\"entry-utility-prep entry-utility-prep-cat-links\">Posted in<\/span> <a href=\"https:\/\/www.volleyball-ostsee-schmuck.de\/?cat=3\" rel=\"category\">Beach<\/a>\t\t\t<\/span>\n\t\t\t<span class=\"meta-sep\">|<\/span>\n\t\t\t\t\t\t<span class=\"comments-link\">\n\t\t\t<span>Kommentare deaktiviert<span class=\"screen-reader-text\"> f\u00fcr 4. DAK Gesundheit-Cup Dierhagen 13.\/14.06.2015<\/span><\/span>\t\t<\/span>\n\t\t\t<\/div>\n<\/div>\n<!-- \/\/ Post Wrap End -->\n\n<!-- NOTE: If you need to make changes to this file, copy it to your current theme's main\n\tdirectory so your changes won't be overwritten when the plugin is upgraded. -->\n\n<!-- Post Wrap Start-->\n<div class=\"post hentry ivycat-post\">\n\n\t<!-- \tThis outputs the post TITLE -->\n\t<h2 class=\"entry-title\"><a href=\"https:\/\/www.volleyball-ostsee-schmuck.de\/?p=63\">3. DAK Gesundheit-Cup Dierhagen 14.\/15.06.2014<\/a><\/h2>\n\n\t<!-- \tThis outputs the post EXCERPT.  To display full content including images and html,\n\t\treplace the_excerpt(); with the_content();  below. -->\n\t<div class=\"entry-summary\">\n\t\t<p>\u201eSpiel, Spa\u00df und gute Laune\u201c \u2013 unter diesem Kindertagsschlachtruf l\u00e4sst sich unser diesj\u00e4hriges Dierh\u00e4gener Beach-Turnierchen gar treffend zusammenfassen. F\u00e4deln wir die Ereignisse in altbew\u00e4hrter Weise chronologisch auf. Es begann an einem Freitag, dem 13. Einige Attribute, die mit diesem Tag einhergehen und die in den k\u00fcnstlerisch wertvollen Hollywood-Splatterfilmen der 80er und 90er verewigt wurden, trafen tats\u00e4chlich zu. Es war kalt, es regnete, es st\u00fcrmte, der D\u00f6nermann hatte geschlossen. Nach den letzten abschlie\u00dfenden Organisationen ging es an besagtem ungem\u00fctlichem Nachmittag an das, bei allen Ausrichtern \u00e4u\u00dferst beliebte Aufbauen der Kampfarenen, der Hopfensmothie-Sch\u00e4nke und der Zelth\u00f6hlen. Auch dem schon traditionellen Stromproblem wurde in stoischer Ruhe entgegengel\u00e4chelt und als dann das erste kaltgolde Nass unsere trockenen Kehlen benetzte, waren selbst Wind und Regen vergessen. Dieses Gef\u00fchl vor dem ersten Gezapften hatte unser Florian sehr sch\u00f6n bebildert: man stelle sich K\u00f6nig Theoden unmittelbar vor der entscheidenden Schlacht bei Helms Klamm vor, zehntausende Orks vor&hellip;<\/p>\n<p> <a class=\"more-link\" href=\"https:\/\/www.volleyball-ostsee-schmuck.de\/?p=63\">Weiterlesen<\/a><\/p>\n\t<\/div>\n\n\t<!--\tThis outputs the post META information -->\n\t<div class=\"entry-utility\">\n\t\t\t\t\t<span class=\"cat-links\">\n\t\t\t\t<span class=\"entry-utility-prep entry-utility-prep-cat-links\">Posted in<\/span> <a href=\"https:\/\/www.volleyball-ostsee-schmuck.de\/?cat=3\" rel=\"category\">Beach<\/a>\t\t\t<\/span>\n\t\t\t<span class=\"meta-sep\">|<\/span>\n\t\t\t\t\t\t<span class=\"comments-link\">\n\t\t\t<span>Kommentare deaktiviert<span class=\"screen-reader-text\"> f\u00fcr 3. DAK Gesundheit-Cup Dierhagen 14.\/15.06.2014<\/span><\/span>\t\t<\/span>\n\t\t\t<\/div>\n<\/div>\n<!-- \/\/ Post Wrap End -->\n\n<!-- NOTE: If you need to make changes to this file, copy it to your current theme's main\n\tdirectory so your changes won't be overwritten when the plugin is upgraded. -->\n\n<!-- Post Wrap Start-->\n<div class=\"post hentry ivycat-post\">\n\n\t<!-- \tThis outputs the post TITLE -->\n\t<h2 class=\"entry-title\"><a href=\"https:\/\/www.volleyball-ostsee-schmuck.de\/?p=68\">DAK Gesundheit-Cup Dierhagen 08.\/09.06.2013<\/a><\/h2>\n\n\t<!-- \tThis outputs the post EXCERPT.  To display full content including images and html,\n\t\treplace the_excerpt(); with the_content();  below. -->\n\t<div class=\"entry-summary\">\n\t\t<p>Ja das war es schon wieder, kaum zu glauben. Wochenlange Vorbereitungen und dann ist alles so schnell vorbei. Bereits zum zweiten Mal kamen die Menschen in Dierhagen-Strand zusammen, um beim DAK Gesundheit-Cup, der in diesem Jahr vor allem durch das Wetter \u00fcberzeugen konnte, die besten Beacher auszuspielen. Neben dem Ranglistenturnier richteten wir dieses Jahr parallel auch die Jugendlandesmeisterschaften der U16 und U19 aus. Nachdem wir am Freitag-Nachmittag unser Equipment an den Strand gebracht und unser kleines Stromproblem gel\u00f6st hatten, verirrten sich schon die ersten Besucher an unseren Bierwagen. In diesem Zusammenhang noch einmal ein gro\u00dfes Dankesch\u00f6n an die ganze Watze-Fraktion f\u00fcr die tatkr\u00e4ftige Unterst\u00fctzung beim Aufbau. F\u00fcr die Herren stellten wir 12 Felder, f\u00fcr die Damen 6 Felder und f\u00fcr die beiden Jugend-LM`s 3 Felder bereit. Auf einer L\u00e4nge von ca. 250 Metern konnten wir teilweise sogar in Dreier-Reihen aufbauen. Das Steinproblem hatte sich im Vergleich zum Vorjahr auf jeden&hellip;<\/p>\n<p> <a class=\"more-link\" href=\"https:\/\/www.volleyball-ostsee-schmuck.de\/?p=68\">Weiterlesen<\/a><\/p>\n\t<\/div>\n\n\t<!--\tThis outputs the post META information -->\n\t<div class=\"entry-utility\">\n\t\t\t\t\t<span class=\"cat-links\">\n\t\t\t\t<span class=\"entry-utility-prep entry-utility-prep-cat-links\">Posted in<\/span> <a href=\"https:\/\/www.volleyball-ostsee-schmuck.de\/?cat=3\" rel=\"category\">Beach<\/a>\t\t\t<\/span>\n\t\t\t<span class=\"meta-sep\">|<\/span>\n\t\t\t\t\t\t<span class=\"comments-link\">\n\t\t\t<span>Kommentare deaktiviert<span class=\"screen-reader-text\"> f\u00fcr DAK Gesundheit-Cup Dierhagen 08.\/09.06.2013<\/span><\/span>\t\t<\/span>\n\t\t\t<\/div>\n<\/div>\n<!-- \/\/ Post Wrap End -->\n\n<!-- NOTE: If you need to make changes to this file, copy it to your current theme's main\n\tdirectory so your changes won't be overwritten when the plugin is upgraded. -->\n\n<!-- Post Wrap Start-->\n<div class=\"post hentry ivycat-post\">\n\n\t<!-- \tThis outputs the post TITLE -->\n\t<h2 class=\"entry-title\"><a href=\"https:\/\/www.volleyball-ostsee-schmuck.de\/?p=70\">Erstes Ranglistenturnier der offenen Landesmeisterschaft im Beachvolleyball in Dierhagen durchgef\u00fchrt<\/a><\/h2>\n\n\t<!-- \tThis outputs the post EXCERPT.  To display full content including images and html,\n\t\treplace the_excerpt(); with the_content();  below. -->\n\t<div class=\"entry-summary\">\n\t\t<p>Es ist geschafft. Unser erstes Turnier ist Geschichte und wir hoffen alle Beteiligten hatten ein bisschen Freude vor neuer Kulisse. Viele Aktive waren zum ersten Mal am Strand von Dierhagen, von daher waren wir im Vorfeld nat\u00fcrlich auch etwas nerv\u00f6s, ob diese Veranstaltung den Erwartungen entsprechen kann. Bereits der Aufbau am Freitagabend war relativ entspannt und ging relativ z\u00fcgig voran, sodass wir den Sonnenuntergang mit den ersten Kaltgetr\u00e4nken verfolgen konnten. Das Wetter war hervorragend. Der Strand war sch\u00f6n breit (es konnten 3 Felder nebeneinander aufgebaut werden), jedoch gespickt mit unz\u00e4hligen Steinen, die wir noch versucht haben auszusieben, jedoch nicht alle beseitigen konnten. Kommt n\u00e4chstes Jahr sicherlich nicht nochmal vor, sonst haben wir dort nie Steine gehabt. Am n\u00e4chsten Morgen verlief die Anmeldung sehr z\u00fcgig, wir konnten also sehr zeitig mit den Staffelspielen beginnen. Wahrscheinlich lag es auch daran, dass nicht wenige schon an Fussball dachten. Das Wetter war ganz nett,&hellip;<\/p>\n<p> <a class=\"more-link\" href=\"https:\/\/www.volleyball-ostsee-schmuck.de\/?p=70\">Weiterlesen<\/a><\/p>\n\t<\/div>\n\n\t<!--\tThis outputs the post META information -->\n\t<div class=\"entry-utility\">\n\t\t\t\t\t<span class=\"cat-links\">\n\t\t\t\t<span class=\"entry-utility-prep entry-utility-prep-cat-links\">Posted in<\/span> <a href=\"https:\/\/www.volleyball-ostsee-schmuck.de\/?cat=3\" rel=\"category\">Beach<\/a>\t\t\t<\/span>\n\t\t\t<span class=\"meta-sep\">|<\/span>\n\t\t\t\t\t\t<span class=\"comments-link\">\n\t\t\t<span>Kommentare deaktiviert<span class=\"screen-reader-text\"> f\u00fcr Erstes Ranglistenturnier der offenen Landesmeisterschaft im Beachvolleyball in Dierhagen durchgef\u00fchrt<\/span><\/span>\t\t<\/span>\n\t\t\t<\/div>\n<\/div>\n<!-- \/\/ Post Wrap End -->\n<\/p>\t\t\t\t\t\t\t\t<\/div>\n\t\t\t\t<\/div>\n\t\t\t\t\t<\/div>\n\t\t<\/div>\n\t\t\t\t\t<\/div>\n\t\t<\/section>\n\t\t\t\t<\/div>\n\t\t","protected":false},"excerpt":{"rendered":"<p>Seit 2012 ist der SV Blau-Wei\u00df Ostseeschmuck Ausrichter des Ranglistenturniers Dierhagen, das jedes Jahr Anfang Juni als Teil der Offenen Landesmeisterschaft im Beachvolleyball ausgetragen wird.<\/p>\n","protected":false},"author":4,"featured_media":1339,"parent":387,"menu_order":6,"comment_status":"closed","ping_status":"closed","template":"","meta":{"footnotes":""},"class_list":["post-509","page","type-page","status-publish","has-post-thumbnail"],"_links":{"self":[{"href":"https:\/\/www.volleyball-ostsee-schmuck.de\/index.php?rest_route=\/wp\/v2\/pages\/509","targetHints":{"allow":["GET"]}}],"collection":[{"href":"https:\/\/www.volleyball-ostsee-schmuck.de\/index.php?rest_route=\/wp\/v2\/pages"}],"about":[{"href":"https:\/\/www.volleyball-ostsee-schmuck.de\/index.php?rest_route=\/wp\/v2\/types\/page"}],"author":[{"embeddable":true,"href":"https:\/\/www.volleyball-ostsee-schmuck.de\/index.php?rest_route=\/wp\/v2\/users\/4"}],"replies":[{"embeddable":true,"href":"https:\/\/www.volleyball-ostsee-schmuck.de\/index.php?rest_route=%2Fwp%2Fv2%2Fcomments&post=509"}],"version-history":[{"count":12,"href":"https:\/\/www.volleyball-ostsee-schmuck.de\/index.php?rest_route=\/wp\/v2\/pages\/509\/revisions"}],"predecessor-version":[{"id":1252,"href":"https:\/\/www.volleyball-ostsee-schmuck.de\/index.php?rest_route=\/wp\/v2\/pages\/509\/revisions\/1252"}],"up":[{"embeddable":true,"href":"https:\/\/www.volleyball-ostsee-schmuck.de\/index.php?rest_route=\/wp\/v2\/pages\/387"}],"wp:featuredmedia":[{"embeddable":true,"href":"https:\/\/www.volleyball-ostsee-schmuck.de\/index.php?rest_route=\/wp\/v2\/media\/1339"}],"wp:attachment":[{"href":"https:\/\/www.volleyball-ostsee-schmuck.de\/index.php?rest_route=%2Fwp%2Fv2%2Fmedia&parent=509"}],"curies":[{"name":"wp","href":"https:\/\/api.w.org\/{rel}","templated":true}]}}